 divisor of v and 15?
3
Let g = -11 - -19. Suppose -4*x = -3*v - 56 - 116, 0 = -3*v - 12. Calculate the greatest common divisor of g and x.
8
Suppose -8*s + 4*s = -16. Calculate the greatest common factor of 6 and s.
2
Let d = 78 + -54. Let h = 51 - d. Let u = -27 - -36. Calculate the highest common factor of u and h.
9
Let p = 26 + -13. Let c = p + 47. What is the greatest common factor of 12 and c?
12
Suppose n - 36 = -2*n. Suppose -d - 2*w = -n, -3*d - 4*w - 6 = -4*d. What is the greatest common factor of d and 2?
2
Let o(u) = 2*u**2 - 11*u**3 + 5*u**3 - 6*u - 3 - u + 3*u. Let k be o(-3). Calculate the highest common factor of k and 21.
21
Let k(v) = 115*v**2 - 1. Let x be k(1). Calculate the greatest common factor of x and 12.
6
Let l be 0 + -1 - -1 - -88. Suppose 3*j = 15 + 9. What is the highest common factor of l and j?
8
Let m be (-26)/(-7) + (-16)/(-56). Suppose -q - 2*q + j = -72, 2*q - m*j = 48. Calculate the highest common factor of 3 and q.
3
Suppose -3*y + 12 - 60 = 3*v, -2*v - 17 = y. Let r be (-9)/15 + (-279)/y. Let n be 4/18 - (-590)/r. Calculate the highest common divisor of 3 and n.
3
Suppose 0 = 8*c - 5*c, 384 = 3*r + 5*c. Calculate the greatest common factor of 8 and r.
8
Let d be (-3 - -4) + (1 - -1273). Suppose 7*g = 2*g - d. Let r = g + 486. What is the highest common factor of r and 21?
21
Let u = -20 + 16. Let l = u + 18. Suppose -5*x + 11 = -24. Calculate the highest common factor of x and l.
7
Suppose -3*n - n = 320. Let h = 3 + -6. Let r be (h - -5)/((-2)/n). What is the highest common divisor of 20 and r?
20
Let h be 2*(-2)/8*-6. Suppose 4*d = i + 3 + 9, -5*i + d - h = 0. Suppose i = -0*u + 5*u - 250. Calculate the greatest common divisor of u and 10.
10
Suppose -x = 1, -22 - 11 = -3*f + 3*x. Suppose y = -4*p + 24, -y = 4*y - 2*p - f. Suppose -y*o + 30 = -o. Calculate the highest common divisor of 10 and o.
10
Suppose 45 = -8*y + 13*y. What is the highest common divisor of y and 15?
3
Let v(y) = -y**2 - 12*y - 20. Let z be v(-8). What is the highest common divisor of z and 108?
12
Let z(o) = -4*o**2 - o. Let q be z(-1). Let j = -2 - q. What is the greatest common factor of j and 9?
1
Let v = -7 + 7. Let h = v - -20. Calculate the greatest common factor of 2 and h.
2
Suppose 3*q + 4*g + 11 = 2*q, -2*q - 11 = -3*g. Let t(l) = l**2 + 7*l + 5. Let a be t(q). Calculate the greatest common factor of 35 and a.
5
Let a be 2/3 + (-14)/(-6). Suppose n - 5*d = -a*n - 35, -2*d + 6 = 0. Let m = n - -22. What is the greatest common divisor of m and 17?
17
Suppose -21 = -3*y + 21. Calculate the greatest common factor of y and 42.
14
Suppose 0 = 2*a - 10 - 0. What is the greatest common factor of 45 and a?
5
Let o = -11 + 11. Suppose 44 = -o*y - 2*y. Let p = y - -42. Calculate the highest common divisor of 80 and p.
20
Let v = -7 - -10. Suppose 9 = 2*d - v. Suppose x - 2*r + d*r = 64, -3*r = -6. Calculate the greatest common divisor of x and 14.
14
Suppose -3 = -5*f + 77. Suppose -119 - f = -3*h. Calculate the greatest common factor of 5 and h.
5
Let p = 14 + 20. What is the highest common factor of p and 2?
2
Let f(a) = a**3 + 7*a**2 + 4*a + 1. Suppose 3*j + 14 = -1. Let b be f(j). What is the highest common factor of b and 186?
31
Let v = -43 - -78. Let k be ((-13)/39)/(2/(-42)). What is the highest common factor of v and k?
7
Suppose -t - 2*t = 2*r - 43, 2*t = -3*r + 37. Suppose -3*d - 3*x + 60 = 0, 82 = 4*d - 0*x + 3*x. What is the highest common factor of t and d?
11
Let n be 1*(-867)/(-21) - (-4)/(-14). What is the highest common divisor of 451 and n?
41
Let d(g) = -g**3 + 3*g**2 - 7. Let t(x) = -2*x**3 + 5*x**2 - x - 13. Let a(b) = -5*d(b) + 2*t(b). Let i be a(6). What is the greatest common factor of i and 3?
3
Let o(n) = -n**2 + 7*n - 3. Let k be o(6). Suppose 5*p = 4*f - 43, -k*f - f + 25 = p. Calculate the highest common divisor of f and 49.
7
Let j be ((-1)/(-1))/(5/65). Calculate the highest common divisor of 143 and j.
13
Let h(w) = 2*w - 1. Let l = 13 - 6. Let v = l - 2. Let q be h(v). What is the greatest common divisor of q and 1?
1
Let a(j) = -j**2 - j + 3. Let b be a(0). Suppose 0 = g - 5*d - 45, 2*g + 0*g = -b*d + 142. Calculate the greatest common factor of 13 and g.
13
Let h be 526/6 + (-2)/(-6). Suppose 15 = 3*i, -2*d + 16 = -i - 35. Let m = d - 20. Calculate the highest common factor of h and m.
8
Suppose 5*v = -4*c + 150, -2*v + 0*c = -3*c - 60. Calculate the highest common factor of v and 6.
6
Let s(g) = g + 1. Let m be s(-2). Let t be 1*(m + 0)*-13. What is the highest common divisor of t and 104?
13
Let a(k) = k**3 + 10*k**2 + k - 5 + 2 - 5*k**2. Let u be a(-3). Let h be 27/(-9) + 11/1. What is the greatest common factor of u and h?
4
Suppose -4*n + 225 = n. Let g = 65 + -47. Calculate the highest common divisor of g and n.
9
Suppose 4*i + 5*s - 31 = 0, -3 + 0 = 3*s. Calculate the highest common factor of i and 1.
1
Suppose 39 = 9*w - 6*w. What is the highest common divisor of w and 39?
13
Let v = -439 - -739. Suppose 0*h + 3*h - v = 0. What is the highest common divisor of 20 and h?
20
Suppose 0*s + 23 = 3*s - 5*v, -2*s + 3*v = -15. Let o = -13 - -3. Let r = s - o. What is the greatest common divisor of r and 112?
16
Suppose 0 = 8*w + 31 - 383. What is the highest common divisor of 220 and w?
44
Suppose 3*s - 20 = -5*y, 4*y + 22 = y + 5*s. What is the greatest common divisor of y and 3?
1
Suppose -6*d = -17*d + 616. Calculate the greatest common factor of 8 and d.
8
Let j be (-4)/18 - 640/36. Let n(q) = q**2 + 18*q + 2. Let x be n(j). Calculate the greatest common divisor of x and 8.
2
Let d be (-9 + -1)*((-272)/(-40) + -8). What is the greatest common factor of d and 96?
12
Let a = 5 - -3. Suppose -4*z + 0*z + a = 0. Let l be (-1)/(-4) + 142/8. What is the highest common divisor of l and z?
2
Let z(s) = -s**3 + 3*s + 2. Let h be z(-3). What is the highest common divisor of h and 10?
10
Let p = 147 - 48. Calculate the greatest common divisor of p and 11.
11
Let d be ((-88)/(-10))/(10/175). Let w = -155 - -467. Let g be 8/(-44) - w/(-22). What is the greatest common divisor of d and g?
14
Let p = -192 - -284. What is the highest common divisor of 230 and p?
46
Let q be 0/(1/(2/4)). Suppose 0*l + l - 44 = q. Let f be 16/72 + (-34)/(-9). What is the highest common factor of l and f?
4
Suppose -44 - 619 = -5*b - 4*a, 0 = -b - 3*a + 126. Calculate the highest common divisor of b and 54.
27
Let b(y) be the first derivative of -y**2/2 - 6*y + 2. Let t be b(-14). Calculate the highest common divisor of t and 32.
8
Suppose 0 + 12 = 4*l. Suppose l*p - 105 = -0*p. What is the highest common divisor of p and 5?
5
Let l(z) = -z**3 + 11*z**2 - 3*z - 5. Let k be l(4). Let i be (-28)/12 - 3/(-9). Let q be (-1)/i - (-150)/4. What is the greatest common factor of k and q?
19
Let z be (-1 - -4) + 29 - 4. Calculate the highest common divisor of 14 and z.
14
Let z = -94 + 136. Let w = 3 - 0. Suppose -4*s = -0*n - 2*n, -w*n + 9 = -3*s. Calculate the greatest common factor of z and n.
6
Let b(a) = a**3 + 5*a**2 + 2*a + 5. Let y be b(-4). What is the highest common factor of 169 and y?
13
Let t(h) = -6*h + 5. Let u be t(-5). Suppose 0 = -9*m + 24*m - 210. Calculate the highest common divisor of u and m.
7
Suppose -5*r - 5*t = -4*r - 29, 0 = 4*r + 2*t - 26. Suppose -r*y = -y. Suppose y = -g + 2*g - 99. What is the highest common divisor of g and 9?
9
Let l = 87 - 15. What is the highest common divisor of l and 9?
9
Let d(b) = 2*b**3 - 2*b**2 - 2*b. Let a be d(2). Suppose -3*s + h = -10, s - h - 8 = -a. What is the highest common factor of 2 and s?
1
Let k be -2 + 1 + (43 - -2). Suppose 3*o + 14 = 2*z + 42, 49 = 4*o - 5*z. Suppose -o*a + 22 = -4*a. Calculate the greatest common factor of a and k.
11
Let j = -189 + 216. What is the highest common divisor of j and 18?
9
Suppose -h + 4*l + 38 = 0, -2*h + 2*l + 61 = -3*l. Let j be 2/(-5) - 274/(-10). What is the highest common divisor of j and h?
9
Let z = 49 - 34. Calculate the greatest common factor of z and 60.
15
Let f = -9 + 15. Let n be (1/(-2))/((-3)/(-24)). Let m be ((-396)/n)/(3/2). Calculate the highest common factor of m and f.
6
Let z(c) = c**2 - 3*c + 10. Let a be z(4). Let u be (1/1)/(4/12). Suppose -u = 2*d - 31. Calculate the highest common divisor of a and d.